 1148?
True
Is 16 a factor of 85296?
True
Is 11213 a multiple of 89?
False
Does 64 divide 27840?
True
Is 3215 a multiple of 18?
False
Does 54 divide 21222?
True
Does 66 divide 13464?
True
Is 33 even?
False
Is 960 a multiple of 51?
False
Does 4 divide 1954?
False
Is 35 a factor of 937?
False
Does 11 divide 986?
False
Is 794 even?
True
Is 7 a factor of 3020?
False
Does 23 divide 417?
False
Is 10530 a multiple of 13?
True
Is 54 a factor of 432?
True
Does 18 divide 105984?
True
Is 550 a multiple of 9?
False
Is 7590 a multiple of 33?
True
Is 9 a factor of 487?
False
Is 12607 a multiple of 136?
False
Does 20 divide 1320?
True
Does 86 divide 99760?
True
Does 16 divide 1312?
True
Is 4 a factor of 1244?
True
Is 35 a factor of 7043?
False
Does 19 divide 247?
True
Is 12 a factor of 82896?
True
Is 1296 a multiple of 27?
True
Does 14 divide 1200?
False
Does 3 divide 12?
True
Is 3500 a multiple of 35?
True
Is 23 a factor of 47932?
True
Does 13 divide 8294?
True
Is 4 a factor of 420?
True
Is 2619 a multiple of 51?
False
Does 18 divide 342?
True
Is 13880 a multiple of 19?
False
Does 10 divide 25393?
False
Is 129 a factor of 18376?
False
Does 14 divide 224?
True
Is 29 a factor of 2206?
False
Is 4140 a multiple of 69?
True
Does 132 divide 6996?
True
Is 5690 a multiple of 5?
True
Is 12730 a multiple of 11?
False
Is 2 a factor of 425?
False
Does 17 divide 1751?
True
Is 4 a factor of 1295?
False
Is 7 a factor of 57?
False
Is 36 a factor of 23508?
True
Is 11 a factor of 759?
True
Does 36 divide 579?
False
Is 88656 a multiple of 48?
True
Does 44 divide 424?
False
Is 57 a factor of 2964?
True
Does 64 divide 5424?
False
Does 20 divide 565?
False
Is 690 a multiple of 46?
True
Does 160 divide 3200?
True
Is 12 a factor of 51624?
True
Is 63 a factor of 693?
True
Is 44692 a multiple of 362?
False
Is 20 a factor of 1640?
True
Does 168 divide 7728?
True
Is 10 a factor of 90?
True
Does 51 divide 9044?
False
Does 21 divide 1559?
False
Does 37 divide 4884?
True
Does 17 divide 49589?
True
Does 24 divide 202?
False
Is 1234 a multiple of 64?
False
Is 3328 a multiple of 23?
False
Does 66 divide 2104?
False
Is 38 a factor of 5922?
False
Does 70 divide 762?
False
Is 3 a factor of 3874?
False
Is 35 a factor of 46410?
True
Is 5 a factor of 349?
False
Is 170 a factor of 73610?
True
Does 27 divide 47385?
True
Does 22 divide 572?
True
Is 24 a factor of 1250?
False
Does 114 divide 7524?
True
Does 53 divide 21889?
True
Is 35230 a multiple of 130?
True
Does 6 divide 402?
True
Does 7 divide 105?
True
Is 144 a factor of 172591?
False
Is 15 a factor of 6600?
True
Is 5591 a multiple of 22?
False
Is 533 a multiple of 66?
False
Is 4598 a multiple of 54?
False
Is 22 a factor of 682?
True
Is 4 a factor of 347?
False
Does 12 divide 14339?
False
Does 13 divide 26?
True
Is 106 a factor of 424?
True
Does 5 divide 467?
False
Does 4 divide 124?
True
Does 27 divide 2106?
True
Does 13 divide 36751?
True
Is 76420 a multiple of 35?
False
Does 13 divide 169?
True
Does 2 divide 532?
True
Does 35 divide 5460?
True
Does 19 divide 13164?
False
Is 26 a factor of 1614?
False
Does 5 divide 7965?
True
Does 6 divide 2137?
False
Does 10 divide 141?
False
Is 823 a multiple of 16?
False
Is 3467 a multiple of 42?
False
Is 1428 a multiple of 41?
False
Is 9 a factor of 1701?
True
Is 7512 a multiple of 24?
True
Is 119 a factor of 1785?
True
Does 11 divide 1364?
True
Does 46 divide 828?
True
Is 164 a multiple of 3?
False
Is 2068 a multiple of 47?
True
Is 17 a factor of 6021?
False
Does 34 divide 714?
True
Does 4 divide 303?
False
Does 14 divide 2744?
True
Is 21 a factor of 7627?
False
Does 10 divide 28970?
True
Is 26 a factor of 3926?
True
Does 18 divide 9197?
False
Does 9 divide 2031?
False
Is 9 a factor of 8841?
False
Is 9168 a multiple of 12?
True
Is 37 a factor of 34676?
False
Does 115 divide 3910?
True
Is 32 a factor of 2298?
False
Does 13 divide 4503?
False
Is 21 a factor of 7990?
False
Is 20 a factor of 5360?
True
Is 140 a factor of 47740?
True
Is 3536 a multiple of 16?
True
Is 92 a multiple of 9?
False
Is 46 a factor of 4155?
False
Is 24 a factor of 15912?
True
Does 20 divide 23240?
True
Is 13 a factor of 2288?
True
Does 10 divide 21220?
True
Does 22 divide 1162?
False
Does 18 divide 75241?
False
Does 71 divide 22233?
False
Does 97 divide 60600?
False
Is 21 a factor of 15183?
True
Is 240 a multiple of 12?
True
Is 13 a factor of 159?
False
Is 5364 a multiple of 18?
True
Is 13 a factor of 6735?
False
Is 2400 a multiple of 3?
True
Is 12 a factor of 2904?
True
Does 16 divide 1793?
False
Does 10 divide 1864?
False
Is 11 a factor of 214?
False
Is 29848 a multiple of 182?
True
Is 29 a factor of 7296?
False
Is 28 a factor of 19136?
False
Is 16 a factor of 13152?
True
Is 3 a factor of 158?
False
Is 50459 a multiple of 10?
False
Is 3382 a multiple of 62?
False
Is 6 a factor of 5268?
True
Is 7245 a multiple of 5?
True
Does 13 divide 1427?
False
Does 30 divide 720?
True
Is 957 a multiple of 87?
True
Is 18468 a multiple of 19?
True
Does 26 divide 3510?
True
Does 6 divide 4760?
False
Is 528 even?
True
Is 1075 a multiple of 25?
True
Is 1065 a multiple of 15?
True
Does 7 divide 189?
True
Is 4 a factor of 1527?
False
Is 7811 a multiple of 107?
True
Does 88 divide 4316?
False
Is 22 a factor of 713?
False
Is 64169 a multiple of 103?
True
Is 38820 a multiple of 101?
False
Is 9859 a multiple of 26?
False
Is 75 a multiple of 5?
True
Is 23 a factor of 160?
False
Does 62 divide 2480?
True
Is 78 a multiple of 3?
True
Does 43 divide 2451?
True
Is 25 a factor of 4825?
True
Is 17 a factor of 9197?
True
Is 136 a multiple of 4?
True
Does 26 divide 77883?
False
Is 4340 a multiple of 83?
False
Is 6003 a multiple of 29?
True
Is 4164 a multiple of 49?
False
Does 31 divide 1147?
True
Is 523 a multiple of 20?
False
Is 16 a factor of 20491?
False
Is 6 a factor of 1372?
False
Is 84 a multiple of 2?
True
Is 126 a factor of 6744?
False
Does 13 divide 5057?
True
Does 29 divide 348?
True
Does 11 divide 715?
True
Is 35 a factor of 17115?
True
Is 10905 a multiple of 5?
True
Does 273 divide 39585?
True
Is 12264 a multiple of 13?
False
Is 92682 a multiple of 81?
False
Does 14 divide 4243?
False
Does 63 divide 4155?
False
Is 11612 a multiple of 94?
False
Is 330 a multiple of 11?
True
Is 16462 a multiple of 4?
False
Is 4161 a multiple of 52?
False
Is 78800 a multiple of 394?
True
Does 23 divide 12926?
True
Is 77 a factor of 4719?
False
Does 11 divide 385?
True
Is 3999 a multiple of 93?
True
Does 130 divide 37400?
False
Is 30 a factor of 4770?
True
Does 8 divide 7061?
False
Does 15 divide 390?
True
Does 26 divide 20566?
True
Is 45 even?
False
Does 46 divide 506?
True
Does 17 divide 619?
False
Does 38 divide 274?
False
Is 6580 a multiple of 35?
True
Does 131 divide 2678?
False
Does 67 divide 1005?
True
Is 459 a multiple of 32?
False
Does 16 divide 5631?
False
Does 70 divide 4060?
True
Is 51 a factor of 11883?
True
Does 202 divide 13534?
True
Is 770 a multiple of 55?
True
Does 9 divide 4911?
False
Is 10224 a multiple of 9?
True
Is 107 a multiple of 2?
False
Is 9 a factor of 3745?
False
Is 408 a multiple of 8?
True
Does 36 divide 504?
True
Does 81 divide 7452?
True
Does 3 divide 873?
True
Does 24 divide 21413?
False
Is 26425 a multiple of 7?
True
Is 1578 a multiple of 12?
False
Is 7 a factor of 273?
True
Is 45 a factor of 1676?
False
Is 31 a factor of 1040?
False
Is 23 a factor of 23198?
False
Is 7 a factor of 651?
True
Is 780 a multiple of 78?
True
Is 33 a factor of 747?
False
Does 90 divide 11520?
True
Is 117 a multiple of 5?
False
Is 1165 a multiple of 12?
False
Is 1264 a multiple of 4?
True
Does 11 divide 57278?
False
Is 22 a factor of 410?
False
Is 15 a factor of 285?
True
Is 1310 a multiple of 20?
False
Does 7 divide 31086?
False
Is 1260 a multiple of 84?
True
Is 15 a factor of 6064?
False
Is 367 a multiple of 3?
False
Is 15 a factor of 225?
True
Is 19 a factor of 15032?
False
Is 46 a factor of 1840?
True
Is 259 a multiple of 44?
False
Does 227 divide 1362?
True
Is 1396 a multiple of 15?
False
Does 36 divide 4068?
True
Is 67044 a multiple of 266?
False
Is 2376 a multiple of 132?
True
Is 17 a factor of 11288?
True
Is 8001 a multiple of 63?
True
Is 49 a factor of 21524?
False
Is 20 a factor of 1025?
False
Is 41 a multiple of 26?
False
Is 80 a factor of 68275?
F